{"id":440,"date":"2018-07-16T21:09:10","date_gmt":"2018-07-16T21:09:10","guid":{"rendered":"http:\/\/smallbutraw.no\/?post_type=product&#038;p=440"},"modified":"2022-04-24T05:35:27","modified_gmt":"2022-04-24T05:35:27","slug":"tau-for-hengekoyer-ticket-to-the-moon","status":"publish","type":"product","link":"https:\/\/www.smallbutraw.no\/index.php\/produkt\/tau-for-hengekoyer-ticket-to-the-moon\/","title":{"rendered":"Tau for hengek\u00f8yer &#8211; Ticket to the Moon"},"content":{"rendered":"<ul>\n<li>Opphengstau\u00a0p\u00e5 2 x 5 meter<\/li>\n<li>Passer alle hengek\u00f8yer fra Ticket To The Moon<\/li>\n<\/ul>\n","protected":false},"excerpt":{"rendered":"<p>Tauet har ferdige knuter slik at det er enkelt \u00e5 regulere h\u00f8yden p\u00e5 hengek\u00f8yen. Brukes rundt tr\u00e6r, stolper eller andre steder man vil henge opp k\u00f8yen. Kommer i en pakkpose.<\/p>\n","protected":false},"featured_media":490,"comment_status":"open","ping_status":"closed","template":"","meta":[],"product_brand":[],"product_cat":[45,17],"product_tag":[42,38,41,40,44],"class_list":{"0":"post-440","1":"product","2":"type-product","3":"status-publish","4":"has-post-thumbnail","6":"product_cat-ticket-to-the-moon","7":"product_cat-utstyr","8":"product_tag-fly","9":"product_tag-glemme-tid-og-sted","10":"product_tag-hvile","11":"product_tag-slappe-av","12":"product_tag-sove-ute","14":"first","15":"outofstock","16":"shipping-taxable","17":"purchasable","18":"product-type-simple"},"_links":{"self":[{"href":"https:\/\/www.smallbutraw.no\/index.php\/wp-json\/wp\/v2\/product\/440","targetHints":{"allow":["GET"]}}],"collection":[{"href":"https:\/\/www.smallbutraw.no\/index.php\/wp-json\/wp\/v2\/product"}],"about":[{"href":"https:\/\/www.smallbutraw.no\/index.php\/wp-json\/wp\/v2\/types\/product"}],"replies":[{"embeddable":true,"href":"https:\/\/www.smallbutraw.no\/index.php\/wp-json\/wp\/v2\/comments?post=440"}],"wp:featuredmedia":[{"embeddable":true,"href":"https:\/\/www.smallbutraw.no\/index.php\/wp-json\/wp\/v2\/media\/490"}],"wp:attachment":[{"href":"https:\/\/www.smallbutraw.no\/index.php\/wp-json\/wp\/v2\/media?parent=440"}],"wp:term":[{"taxonomy":"product_brand","embeddable":true,"href":"https:\/\/www.smallbutraw.no\/index.php\/wp-json\/wp\/v2\/product_brand?post=440"},{"taxonomy":"product_cat","embeddable":true,"href":"https:\/\/www.smallbutraw.no\/index.php\/wp-json\/wp\/v2\/product_cat?post=440"},{"taxonomy":"product_tag","embeddable":true,"href":"https:\/\/www.smallbutraw.no\/index.php\/wp-json\/wp\/v2\/product_tag?post=440"}],"curies":[{"name":"wp","href":"https:\/\/api.w.org\/{rel}","templated":true}]}}